Let n be 5*(8 - -2 - -15). Let d = w + n. List the prime factors of d.
41
Let x(l) = 66*l**2 + 8*l + 129. What are the prime factors of x(-21)?
3, 9689
List the prime factors of -10 - ((-15 - -21) + -87291).
5, 3491
Let v = -16 + 0. Let z(g) = 14*g**2 + 58*g - 16. Let a(i) = i**2 + 3*i + 1. Let k(o) = -12*a(o) + z(o). What are the prime factors of k(v)?
2, 3, 11
Suppose -17*p + 27 = -24. Suppose p = -3*q, -3*x - 7*q = -8*q - 322. What are the prime factors of x?
107
Suppose -3*t - 12 = -0. Let f = 109 + t. List the prime factors of f.
3, 5, 7
Suppose 23 = 23*x - 23. Suppose -4 + 1 = -3*i, 5*t + x*i = 7027. What are the prime factors of t?
5, 281
Suppose 100*p - 103*p + 5*m + 39191 = 0, -3*p = 4*m - 39209. What are the prime factors of p?
73, 179
Suppose 6*m - 64 - 26 = 0. Suppose 3*k = 4*p - 2*k - 927, m = 3*k. What are the prime factors of p?
2, 7, 17
Let g be 895*10 + (-39 - -34). Suppose -78*w = -73*w - g. What are the prime factors of w?
1789
Let v(k) = -k**2 - 4*k - 3. Let j be v(-3). Suppose 0 = p - j*p - 1. What are the prime factors of 85 - (-8 - (-3 - p))?
89
Suppose -144600 - 500435 = -23*r. List the prime factors of r.
5, 71, 79
Suppose 2*x = 14*x - 72. Let i(l) = 7*l**3 + 9. Let y(c) = -c**3 - c**2 - c + 1. Let f(w) = -i(w) - 6*y(w). List the prime factors of f(x).
3, 7
Let n = 19 - 14. Suppose 5*j = 4*h, h = -n - 0. List the prime factors of 72*(j/14 + 75/42).
2, 3
Suppose 4*j - 4*o - 56032 = 0, j + 110*o - 14044 = 105*o. List the prime factors of j.
2, 7, 11, 13
Let f = 7403 - 3302. List the prime factors of f.
3, 1367
Let u(o) = 3*o**2 - 20*o + 22. Suppose 25*i - 30*i + 90 = 0. What are the prime factors of u(i)?
2, 317
Let u(c) = -c**2 - 8*c + 5. Let b be u(-9). Let s = b - 40. Let o = -7 - s. What are the prime factors of o?
37
Suppose -7*d + 14 = -21. List the prime factors of 0 + (-20)/(-25) - (-1726)/d.
2, 173
Let a(y) = -y**3 - y**2 - 1. Let m(w) = w**3 + 3*w**2 - 23*w + 15. Let h(j) = -4*a(j) - m(j). List the prime factors of h(5).
2, 3, 7
Suppose -2*b + 8 = x, -x - x = -4*b. Suppose -729 = x*c - 7*c. What are the prime factors of c?
3
List the prime factors of (1 - 2)/((-2)/(-10)*(-30)/155256).
2, 6469
Let r = 127 + -121. Let l(m) = -4*m**2 - 6*m - 8. Let u be l(r). Let f = u + 326. List the prime factors of f.
2, 3, 23
Let c(n) = -378*n - 347. What are the prime factors of c(-38)?
107, 131
Let b = 14324 + -8607. List the prime factors of b.
5717
Suppose 110518 = 10*b - 25952. List the prime factors of b.
3, 4549
Let w(d) = 377*d - 1468. What are the prime factors of w(75)?
11, 2437
What are the prime factors of (175978/(-44))/((-7)/14)?
19, 421
Let j be (-2 - 213)*(-8 - (-28)/4). List the prime factors of j*(3 - (0 - -2)) + -4.
211
Let i = -12819 - -19878. List the prime factors of i.
3, 13, 181
Let k = -305 + 321. Suppose 13*x = k*x - 1215. What are the prime factors of x?
3, 5
Suppose 9*n - 25 - 11 = 0. Let j(w) be the third derivative of -w**5/60 + w**4/3 - 2*w**3/3 - 4*w**2. List the prime factors of j(n).
2, 3
Let q(m) = m + 19. Let n be q(-16). Suppose i + 4*z + 179 = -z, 2*z + 498 = -n*i. Let o = -59 - i. List the prime factors of o.
3, 5, 7
Let h be -2 + 268/12 - 8/(-12). Suppose h*d - 3*d - 14454 = 0. List the prime factors of d.
11, 73
Let r be (15*2/5)/((-9)/6). List the prime factors of (2/(r/(-73)))/(198/8712).
2, 11, 73
Suppose 4*g - 119 = -99, 3*g - 5300 = -h. List the prime factors of h.
5, 7, 151
Let d be (-7607)/8 - 15/120. Let q = d + 281. List the prime factors of 3 + q/(-5) - -3.
2, 5, 7
Let a(w) = 8*w - 2. Suppose 2*r - 7*r = 190. Let g = r - -43. List the prime factors of a(g).
2, 19
List the prime factors of (-2)/3*48*(17 + -10 + -1906).
2, 3, 211
Let j = 90 - 165. Let b be (-30)/j + 18/5. Suppose 4*k = -5*f + 811, 2*f - b*k = -0*f + 302. What are the prime factors of f?
3, 53
Suppose -52404 + 448835 = 134*u - 1530757. List the prime factors of u.
2, 3, 17, 47
Let z = 20733 - 13937. What are the prime factors of z?
2, 1699
Suppose 3191 = -11*y + 115625 - 17515. What are the prime factors of y?
8629
Let d = -13330 + 26124. List the prime factors of d.
2, 6397
What are the prime factors of 16/(-528)*-527367 + 6/33?
3, 7, 761
Suppose -9*w + 774 = -0*w. Let a = w + 236. List the prime factors of a.
2, 7, 23
Let n = -9722 - -18884. What are the prime factors of n?
2, 3, 509
Let j(s) = -s**2 + 3*s + 10. Let h(r) = 36*r**2 - 3*r + 0*r - 10 - 35*r**2. Let k(w) = -6*h(w) - 5*j(w). List the prime factors of k(4).
2, 3
Let b = 2408 + -2416. Suppose -3*w + 85 = -77. What are the prime factors of (1 + b - -4) + w?
3, 17
What are the prime factors of (-27)/36 - (-453705)/60?
7561
Let a(f) = -40*f + 42 + 59*f - 30*f - f**3 - 16*f**2. List the prime factors of a(-18).
2, 3, 37
Suppose 0 = 101*y - 96*y - 3*r - 54382, -y + 10882 = -2*r. List the prime factors of y.
2, 5437
Let h = 1548 - 2012. Let g = -19 - -106. List the prime factors of -1*6*h/g.
2
Let w(d) = 5*d**3 - 8*d**2 - 7*d - 15. Let m(f) = -6*f**3 + 7*f**2 + 7*f + 15. Let z(j) = -4*m(j) - 5*w(j). What are the prime factors of z(9)?
3, 107
Let v = -4 - -8. Let o = -698 + 701. Suppose -v*i + 128 = -0*i - 4*w, -152 = -5*i - o*w. List the prime factors of i.
31
Let d = -17 + 28. Let a(n) = 7*n - 26. Let l be a(d). Suppose -5*m - l = -h, -h + 3*h = -4*m + 32. What are the prime factors of h?
2, 13
Let d = -856 - -1502. What are the prime factors of 66/(-30) + (-1)/(-5) + d?
2, 7, 23
Let i be -2 + 5 + (-347 - (-5 - -2)). Let r = i + 634. What are the prime factors of r?
293
Let m(i) = i**3 - 2*i**2 + 21*i + 26. Let l(t) = t**3 + 10*t**2 + 24*t + 72. Let d be l(-8). List the prime factors of m(d).
2, 17
Let f = 80 + -96. List the prime factors of -3 - (-343 + (0 - f/4)).
2, 3, 7
Suppose 6*v - 105 = v. Suppose -v = -2*l + 3*p + 227, -l = -4*p - 119. Suppose -6*t = -17 - l. What are the prime factors of t?
2, 3
Let i(g) = 4*g**2 + 56*g + 433. What are the prime factors of i(-20)?
11, 83
Let f(r) = -2*r + 22. Let k be f(8). Let z be -6*(3/k)/1. List the prime factors of 42 + -4 + (-1)/(2 + z).
3, 13
Suppose 33*r - 292231 = 91012 + 283. What are the prime factors of r?
2, 3, 13, 149
Let m = -1 + 13. Let f be (1 + 0)*(m/6 - -2). Suppose -f*r = -0*r - 152. List the prime factors of r.
2, 19
Suppose -1437 = -i - 4*b + 1821, 6534 = 2*i - b. Suppose 2*a - 5*f = 107 + 1187, 3*f = -5*a + i. What are the prime factors of a?
2, 163
Suppose -18591 = -3*c + 65*m - 62*m, 12376 = 2*c + 4*m. List the prime factors of c.
2, 19, 163
Let a be (-5 - -1)/(68/(-442)). Suppose -2*l = -4*c + 50, -3*l + 117 = -8*l + 2*c. Let d = a + l. What are the prime factors of d?
3
Let h(t) = -t**3 + 23*t**2 + 24*t. Let o be h(24). Suppose -6*l - 2*l + 3*l = o. Suppose 5*b = l, 3*q - 729 = b + b. List the prime factors of q.
3
Suppose 43*l - 371579 - 588568 = 0. What are the prime factors of l?
3, 827
Let n = 842 - 850. List the prime factors of (144032/42)/n*3/(-2).
643
Let g(n) = -n**3 + 6*n**2 - n - 11. Let x be g(5). Suppose 37 = -x*y + 127. Suppose -5*l - w + 4*w = -18, 3*l - y = w. What are the prime factors of l?
3
Suppose 6*h + 1571 = -637. Let n = -308 - h. What are the prime factors of n?
2, 3, 5
Let i = 6 + -4. Let m(z) = 6*z**2 - 5*z - 1. Let s(x) = 18*x**2 - 16*x - 4. Let h(g) = 20*m(g) - 6*s(g). List the prime factors of h(i).
2, 11
Let f = -813 + 825. Suppose 3649 = -58*k + 63*k - 2*c, -4*c + f = 0. What are the prime factors of k?
17, 43
List the prime factors of 8*162/720*-10*(-2159)/2.
3, 17, 127
Let t(f) = -873*f + 5. Let n be t(-1). Suppose -5*q - 3*s = -4430, 2*q - q - s = n. What are the prime factors of q?
883
Let h = -88 - -90. Suppose h*f = -4*w - 456, 0 = -5*f - 0*f. Let l = 189 + w. List the prime factors of l.
3, 5
Let d = 942 - 940. Suppose 57*g = 52*g + 15, -1944 = -d*k + 2*g. What are the prime factors of k?
3, 5, 13
Let i be (-3 - (0 - 3))/(-2). Suppose i = 26*x - 23*x - 12. Suppose -x*f = -78 - 122. What are the prime factors of f?
2, 5
Let u(m) = -m**3 - 9*m**2 + 8*m - 19. Let f be u(-10). Let s(x) = 336*x**3 + 2*x**2 - 6*x + 5. What are the prime factors of s(f)?
337
Suppose -23*s = -24*s - 56. Let p be 2/7 - 18072/s. Let g = p - 224. What are the prime factors of g?
3, 11
Let r(h) = -h**3 + 11*h**2 - 21*h + 31. Let d be r(9). Let c be d/((-4)/(-3))*(-218)/3. 